**2 + 11*b + 16. Give w(-8).
56
Let i(r) = 4*r + 42. What is i(-11)?
-2
Let j(z) = -z**2 - 11*z - 1. What is j(-10)?
9
Let k(q) = q**3 - 12*q**2 + 15*q - 48. Give k(11).
-4
Let b(s) = -5*s - 10. Determine b(-5).
15
Let m(d) = -d**3 - 8*d**2 - 21*d - 15. Give m(-4).
5
Let j(k) = -2*k**2 - 11*k + 9. What is j(-6)?
3
Let h(k) = k**2 + 8*k + 4. Determine h(-3).
-11
Let f(a) = a**3 - 9*a**2 + 17*a + 9. Give f(6).
3
Let g(r) = -2*r**3 - 8*r**2 + 20*r + 49. Give g(-5).
-1
Let d(u) = -14*u + 549. What is d(40)?
-11
Let k(b) = 3*b - 4. What is k(6)?
14
Let j(y) = 8*y + 6. Give j(3).
30
Let u(i) = i**3 - 4*i**2 - 17. Give u(5).
8
Let j(x) = -x**3 + 10*x**2 + 12*x + 9. Calculate j(11).
20
Let o(f) = 15*f - 125. What is o(7)?
-20
Let n(d) = 10*d + 74. Give n(-8).
-6
Let t(b) = 4*b**2 - 4*b - 1. Give t(-2).
23
Let y(l) = 2*l - 4. Calculate y(-11).
-26
Let f(n) = -14*n - 15. Give f(-8).
97
Let u(t) = t**3 + 14*t**2 + 31*t + 15. What is u(-12)?
-69
Let y(v) = 6*v + 1. Give y(-4).
-23
Let v(i) = -i**3 + 7*i**2 - 11*i + 25. Calculate v(6).
-5
Let v(g) = g**3 - 10*g**2 + 4*g + 39. Give v(9).
-6
Let b(h) = 2*h**3 + h**2 + 6*h + 6. Determine b(-3).
-57
Let v(s) = s**2 - 8*s + 13. Calculate v(7).
6
Let w(g) = -2*g + 47. Determine w(21).
5
Let a(s) = -6*s**2 - s + 1. Determine a(1).
-6
Let g(s) = 2*s**2 - 36*s - 34. What is g(19)?
4
Let m(l) = -3*l - 10. Give m(-10).
20
Let w(f) = f**2 - 166*f - 1035. Determine w(-6).
-3
Let x(i) = i**3 - 32*i**2 + 59*i + 64. Give x(30).
34
Let d(q) = -q**3 - 34*q**2 - 31*q + 62. Determine d(-33).
-4
Let q(p) = p**3 + 9*p**2 + 15*p + 3. Give q(-7).
-4
Let j(w) = 9*w - 63. Give j(7).
0
Let m(d) = -11*d + 22. What is m(3)?
-11
Let z(y) = -y**2 - y + 12. What is z(0)?
12
Let d(v) = 7*v - 3. What is d(4)?
25
Let f(z) = -2*z**2 - 13*z - 6. Calculate f(-6).
0
Let j(t) = 4*t**2 - 40*t + 5. Determine j(10).
5
Let d(k) = -k**3 - 7*k**2 - 9*k + 3. Determine d(-5).
-2
Let k(w) = 2*w**2 + 23*w - 7. What is k(-12)?
5
Let m(o) = -o**2 - 44*o - 193. Determine m(-39).
2
Let n(k) = -19*k**3 + k**2 + k. Determine n(-1).
19
Let p(c) = -8*c + 18. Determine p(0).
18
Let u(b) = -b**3 + 7*b**2 + 18*b + 2. What is u(9)?
2
Let q(t) = -t**2 + 29*t + 59. Determine q(31).
-3
Let z(n) = 2*n**3 + 15*n**2 - 3*n + 34. Give z(-8).
-6
Let t(r) = -r**2 + 2*r - 5. Determine t(0).
-5
Let a(k) = k**3 - 21*k**2 + 42*k - 61. Determine a(19).
15
Let q(l) = l**2 - 4*l + 5. What is q(6)?
17
Let u(j) = -j**3 + 10*j**2 + 8*j - 28. What is u(10)?
52
Let q(u) = -4*u - 2. Determine q(-4).
14
Let n(f) = f**2 - 13*f - 714. What is n(-21)?
0
Let k(a) = 20*a - 71. Calculate k(4).
9
Let f(x) = 2*x - 21. Calculate f(7).
-7
Let w(k) = -6*k - 6. What is w(10)?
-66
Let x(b) = b**3 + 2*b**2 - 4*b + 4. Determine x(-5).
-51
Let z(t) = -t**2 + 2*t - 9. What is z(5)?
-24
Let n(c) = 23*c - 323. Calculate n(14).
-1
Let g(z) = -z**2 + 3*z - 2. Give g(7).
-30
Let p(z) = -z**3 + 5*z**2 + 15*z - 4. What is p(7)?
3
Let k(u) = -u**3 - 8*u**2 + 4*u - 34. Determine k(-9).
11
Let n(p) = p**2 - 14. Calculate n(4).
2
Let t(u) = -u**2 + 10*u + 8. Give t(9).
17
Let x(d) = -2*d**3 + 17*d**2 - 23*d + 9. Give x(7).
-5
Let x(u) = u**3 + 9*u**2 + 15*u + 1. Calculate x(-7).
-6
Let y(r) = -r**3 - 7*r**2 - 9*r + 6. Give y(-5).
1
Let v(h) = -7*h + 13. Determine v(-2).
27
Let y(u) = u**3 + 2*u**2 + 20*u + 73. Calculate y(-3).
4
Let i(v) = 52*v - 3. Determine i(-2).
-107
Let a(k) = -k**3 + 10*k**2 - 8*k - 8. Give a(9).
1
Let v(y) = -y**3 + y**2 - y + 2. Give v(3).
-19
Let q(y) = y**2 - 7*y + 12. Determine q(2).
2
Let y(v) = 14*v + 7. Give y(-2).
-21
Let c(n) = n**2 - 15*n - 2. Give c(15).
-2
Let l(z) = 6*z - 22. What is l(4)?
2
Let s(p) = -4*p - 38. Calculate s(-15).
22
Let c(n) = -n**2 - 12*n - 3. Determine c(-14).
-31
Let h(d) = d**2 - 3*d - 17. Calculate h(4).
-13
Let a(c) = -c**2 - 18*c - 35. Calculate a(-16).
-3
Let x(r) = -r**2 + 40*r - 328. Determine x(12).
8
Let n(a) = 5*a + 11. Give n(-4).
-9
Let x(j) = j**3 - 5*j**2 - 2*j + 8. Determine x(5).
-2
Let x(i) = -i**3 + 16*i**2 + 37*i - 24. Calculate x(18).
-6
Let x(v) = 2*v - 7. Give x(3).
-1
Let i(l) = l**2 + 17*l + 30. What is i(-15)?
0
Let r(h) = h**2 + 15*h - 121. What is r(6)?
5
Let w(x) = x - 5. What is w(0)?
-5
Let j(a) = -a**2 - 11*a - 2. What is j(-7)?
26
Let o(b) = 5*b - 10. Give o(5).
15
Let r(h) = -h - 5. Determine r(-4).
-1
Let u(m) = 10*m + 113. Determine u(-7).
43
Let h(l) = -l**3 + 4*l**2 - 3*l - 8. Give h(4).
-20
Let z(p) = p**3 + 2*p**2 + 2*p + 5. Give z(0).
5
Let m(z) = -z**3 + 5*z**2 + 4*z - 8. Give m(6).
-20
Let n(z) = -5*z - 57. What is n(-11)?
-2
Let s(u) = 24*u - 104. Calculate s(5).
16
Let g(l) = -2*l - 11. What is g(-14)?
17
Let i(s) = -5*s**3 - 3*s - 4. Calculate i(-1).
4
Let d(b) = b**2 - 7*b + 8. Determine d(4).
-4
Let c(m) = -6*m**3 - 5*m**2 - 6*m - 3. Determine c(-1).
4
Let x(j) = j**2 - 39*j + 249. Calculate x(9).
-21
Let x(v) = -4*v**2 - 44*v + 1. Calculate x(-11).
1
Let x(c) = c**3 + 4*c**2 + 2. Give x(-4).
2
Let w(c) = -2*c + 20. Give w(7).
6
Let j(x) = 8*x - 34. What is j(0)?
-34
Let p(w) = 4*w**2 + 2*w + 3. Give p(-2).
15
Let f(q) = -2*q**3 + 10*q**2 + 4*q + 4. Determine f(5).
24
Let a(f) = f**2 - 22*f - 19. What is a(25)?
56
Let k(o) = o**2 - 38. Determine k(0).
-38
Let c(v) = v**3 + 5*v**2 - 2. Give c(-4).
14
Let p(w) = 11*w - 6. Give p(7).
71
Let f(s) = s**3 - 3*s**2 + 4*s - 6. Calculate f(4).
26
Let y(t) = -3*t**2 + 57*t - 99. Calculate y(17).
3
Let y(a) = 7*a - 35. Give y(6).
7
Let g(k) = k**3 + 11*k**2 + 3*k + 27. Give g(-11).
-6
Let v(s) = s**3 + 6*s**2 + 4*s + 16. What is v(-6)?
-8
Let q(j) = -j**3 + 9*j**2 + 6*j + 36. Calculate q(10).
-4
Let o(i) = -2*i - 5. Calculate o(-2).
-1
Let j(d) = 23*d**2 - 9*d + 4. Determine j(1).
18
Let r(s) = -s**2 + 34*s - 40. What is r(32)?
24
Let c(i) = -i**3 + 22*i**2 + 23*i - 5. Calculate c(23).
-5
Let v(w) = -w**2 + 23*w + 42. Calculate v(25).
-8
Let w(v) = -2*v**3 + 50*v**2 + v - 8. Determine w(25).
17
Let w(u) = 75*u + 966. Determine w(-13).
-9
Let u(y) = -y - 25. Determine u(-7).
-18
Let i(g) = 6*g**3 + g**2 - g + 1. Calculate i(1).
7
Let w(x) = 5*x**3 + 6*x**2 + 5*x. Calculate w(-1).
-4
Let j(o) = 4*o + 2. Give j(-2).
-6
Let r(a) = 9*a - 251. Determine r(25).
-26
Let d(o) = 4*o**2 - 52*o + 57. What is d(12)?
9
Let y(c) = 3*c**2 - 29*c + 27. Give y(9).
9
Let j(q) = 24*q - 397. Give j(16).
-13
Let r(y) = -y**3 + 11*y**2 + y - 27. Determine r(8).
173
Let x(s) = 3*s**2 - 2*s - 1. Calculate x(2).
7
Let z(i) = -i**2 + 9*i - 10. Determine z(7).
4
Let l(s) = s**2 - 8*s - 26. Give l(-4).
22
Let s(i) = i**2 + 11*i - 23. Give s(-17).
79
Let o(l) = -7*l - 146. What is o(-21)?
1
Let c(j) = -j**3 - 3*j**2 - 4*j. What is c(-3)?
12
Let c(p) = p**2 + 6*p + 2. Give c(-5).
-3
Let g(u) = u**2 - 10*u + 6. Determine g(8).
-10
Let r(y) = 2*y - 14. What is r(3)?
-8
Let k(z) = z**3 + 3*z**2 - 2*z - 3. Calculate k(-4).
-11
Let k(w) = -w**2 - w + 18. Give k(8).
-54
Let x(b) = -b**2 + 19*b + 36. Determine x(21).
-6
Let q(x) = -x**2 + 3*x + 27. What is q(7)?
-1
Let q(o) = -o + 2. Give q(-3).
5
Let u(l) = l**2 + 46*l + 418. What is u(-34)?
10
Let n(a) = a**3 - 6*a**2 - 7*a + 5. Calculate n(7).
5
Let f(a) = a**3 - 4*a**2 - 11*a - 7. Determine f(6).
-1
Let a(m) = 2*m**2 + 16*m + 17. Calculate a(-12).
113
Let w(a) = 16*a - 4. Calculate w(-1).
-20
Let t(u) = u**2 - 6*u - 13. Calculate t(9).
14
Let x(t) = t**2 - 11*t + 18. Determine x(9).
0
Let r(l) = l**2 - 7. Give r(6).
29
Let u(n) = -2*n - 18. Determine u(-13).
8
Let s(c) = -c + 15. Determine s(16).
-1
Let h(u) = -17*u**3 - u. Calculate h(-1).
18
Let z(n) = -n**3 + 25*n**2 + 27*n - 17. What is z(26)?
9
Let x(o) = -o**3 + 3*o**2 + 13*o - 22. Determine x(2).
8
Let w(s) = s**3 + 6*s**2 + 2*s - 4. Calculate w(-6).
-16
Let v(d) = 9*d - 141. Determine v(16).
3
Let t(w) = -w + 42. Calculate t(-9).
51
Let n(i) = -10*i**2 + 98*i + 17. Calculate n(10).
-3
Let p(f) = 34*f + 2. Give p(-2).
-66
Let r(s) = -32*s - 264. What is r(-8)?
-8
Let a(v) = -v - 6. What is a(-12)?
6
Let u(w) = 2*w + 6. What is u(-4)?
-2
Let z(i) = i**3 + 2*i**2 + i + 1. Give z(-5).
-79
Let h(m) = 7*m + 6. Calculate h(-3).
-15
Let f(t) = t**3 - 33*t**2 + 3*t - 90. What is f(33)?
9
Let c(v) = 2*v**2 + 19*v + 6. What is c(-9)?
-3
Let z(h) = -2*h**2 - 21*h + 16. Give z(-11).
5
Let i(n) = -n**2 + n + 7